In base 2, what is 110101 - 1?
110100
In base 14, what is 2941 - 0?
2941
In base 10, what is 2 + -1053?
-1051
In base 8, what is 2551 + 3?
2554
In base 10, what is 256 - 55?
201
In base 9, what is -120 - 40?
-160
In base 15, what is 2b1e + -5?
2b19
In base 6, what is -3 - -3120?
3113
In base 5, what is -1131 - -4?
-1122
In base 7, what is -40 - 432?
-502
In base 3, what is 1110 + 12?
1122
In base 15, what is -7 + -205?
-20c
In base 16, what is -5 - b3?
-b8
In base 2, what is -1000000001111 + -10?
-1000000010001
In base 4, what is -11203 - 2?
-11211
In base 3, what is -10 + -1122?
-1202
In base 4, what is 2312000 - 0?
2312000
In base 10, what is -143 + -3?
-146
In base 12, what is 715b - -3?
7162
In base 12, what is -3 + -108?
-10b
In base 2, what is 110000011 + -1?
110000010
In base 15, what is -a + -927?
-932
In base 12, what is -367 + 4?
-363
In base 7, what is 24 - -1443?
1500
In base 8, what is 237 + -5?
232
In base 15, what is -305 - -5?
-300
In base 7, what is 3 - -252?
255
In base 10, what is 333 - -17?
350
In base 8, what is 106 + -5?
101
In base 11, what is 8a6 + 6?
901
In base 5, what is 204 - -42?
301
In base 5, what is -230 + -1?
-231
In base 7, what is -1 - 43?
-44
In base 13, what is 32a - 5?
325
In base 2, what is -1111000100 + 10?
-1111000010
In base 7, what is 3 + -1606?
-1603
In base 7, what is -1046 + 64?
-652
In base 12, what is 1593b - 3?
15938
In base 12, what is 2993 + 1?
2994
In base 9, what is 12 + 1654?
1666
In base 8, what is 4446 + -5?
4441
In base 12, what is 21 - -2?
23
In base 11, what is 3 - 15?
-12
In base 10, what is 82 + 3?
85
In base 7, what is 11 - 10?
1
In base 15, what is -16e + 0?
-16e
In base 8, what is 1 + 300?
301
In base 14, what is -50 + 40?
-10
In base 5, what is -4 + 113?
104
In base 8, what is 2054 - 11?
2043
In base 11, what is 3 + 1392?
1395
In base 13, what is -66 + 5?
-61
In base 6, what is 12 - -50?
102
In base 9, what is -2476 + 3?
-2473
In base 14, what is -1 - 1d?
-20
In base 8, what is -16 + 14?
-2
In base 15, what is 1c7 - 1d?
1a9
In base 14, what is 1 - a4?
-a3
In base 15, what is -17 + 5?
-12
In base 8, what is -110 + 36?
-52
In base 6, what is -52 + -514?
-1010
In base 13, what is 17bc + 0?
17bc
In base 7, what is -3654 - -1?
-3653
In base 12, what is 8 + 31?
39
In base 16, what is -a9a + -2?
-a9c
In base 14, what is 3 + -1422?
-141d
In base 13, what is 11c + 0?
11c
In base 12, what is -44 - 6?
-4a
In base 2, what is 0 - 100101?
-100101
In base 16, what is -2580 - 0?
-2580
In base 5, what is 31 - 122?
-41
In base 13, what is 4 + -31b?
-317
In base 5, what is 3201 + 14?
3220
In base 5, what is 21 - -30?
101
In base 16, what is -4d + -1?
-4e
In base 7, what is 1 + -3200?
-3166
In base 12, what is -1 - a9?
-aa
In base 7, what is 11410 - 3?
11404
In base 14, what is 1 + -c7?
-c6
In base 3, what is 100221 + -1?
100220
In base 4, what is 10 + -1011?
-1001
In base 10, what is -4389 + 9?
-4380
In base 13, what is 23 - -39?
5c
In base 6, what is 4 - -223?
231
In base 2, what is -110 + 1010001110?
1010001000
In base 14, what is 5 - 92?
-8b
In base 9, what is -16770 + 3?
-16766
In base 6, what is 512 - 3?
505
In base 16, what is 1f + 1?
20
In base 4, what is 2 - -110010?
110012
In base 6, what is -111 - 5?
-120
In base 9, what is 222 + 2?
224
In base 7, what is 5 + 41?
46
In base 12, what is 7ba - -3?
801
In base 4, what is 1003 + 12?
1021
In base 8, what is -32 + -253?
-305
In base 5, what is 134 + 33?
222
In base 2, what is 110 + -100100010?
-100011100
In base 7, what is 6565 + 3?
6601
In base 3, what is 10 - 2122?
-2112
In base 10, what is 113 - -3?
116
In base 9, what is 23 - 13?
10
In base 6, what is 340 - 25?
311
In base 9, what is 31 - 176?
-145
In base 4, what is -2301 + -12?
-2313
In base 10, what is -6 - -52?
46
In base 5, what is -212 + 4?
-203
In base 9, what is -1 + 507?
506
In base 16, what is -2f + -2?
-31
In base 8, what is -1 - -23?
22
In base 11, what is -1 - -60?
5a
In base 2, what is 11001101110 + 10?
11001110000
In base 16, what is 2f + -c?
23
In base 16, what is -56 + -6?
-5c
In base 3, what is 2110 + 1200?
11010
In base 14, what is -4 + 37?
33
In base 5, what is 1 + -231?
-230
In base 2, what is 10010000100110 - 1?
10010000100101
In base 15, what is 4db - 9?
4d2
In base 9, what is -17 - 425?
-443
In base 16, what is -5 + -3f3?
-3f8
In base 8, what is -3 + 1174?
1171
In base 16, what is 51 - -2?
53
In base 8, what is 1 - -37?
40
In base 10, what is 18 + 164?
182
In base 3, what is -11 + -2102101?
-2102112
In base 10, what is -6 + 36?
30
In base 14, what is -5 - 32?
-37
In base 7, what is 1242 - 5?
1234
In base 2, what is 101000 + -10010101?
-1101101
In base 15, what is -1bb + 0?
-1bb
In base 7, what is -61 + 242?
151
In base 14, what is 1 - 2d?
-2c
In base 5, what is -10 + -2311?
-2321
In base 4, what is -2233 - 1?
-2300
In base 16, what is 20 - b?
15
In base 5, what is -302 + 0?
-302
In base 13, what is 17 - a?
a
In base 10, what is -22 + 28?
6
In base 13, what is 151 + -2?
14c
In base 13, what is -b - -10?
2
In base 10, what is 56 - -4?
60
In base 13, what is -1a2b + 1?
-1a2a
In base 4, what is 12103 - 1?
12102
In base 16, what is 2 + -3bf?
-3bd
In base 6, what is 1543 - -224?
2211
In base 6, what is 3 + -1132?
-1125
In base 12, what is -1 - -3a?
39
In base 10, what is 29 + -1?
28
In base 11, what is -44 - -1?
-43
In base 15, what is 5 + 18b?
191
In base 9, what is -72 - -5?
-66
In base 2, what is 11001001 - 100?
11000101
In base 6, what is 1012 - -5?
1021
In base 2, what is 1000001101011 + 10?
1000001101101
In base 4, what is 2 - 1003231?
-1003223
In base 3, what is 210 - 1?
202
In base 16, what is 9 + -19?
-10
In base 9, what is 84 + 36?
131
In base 14, what is 0 + 8?
8
In base 12, what is -13 - -68?
55
In base 5, what is 3 - -11222?
11230
In base 8, what is 476 + -2?
474
In base 10, what is -1 + 192?
191
In base 10, what is 3 + 691?
694
In base 13, what is -67 + 1?
-66
In base 4, what is 230 - 1?
223
In base 2, what is 10110110 - 1001?
10101101
In base 5, what is 14 - 2314?
-2300
In base 3, what is 10122 - 2?
10120
In base 13, what is -47 - 2?
-49
In base 2, what is 0 + 1010?
1010
In base 8, what is 5 + 212?
217
In base 11, what is 105a - -5?
1064
In base 11, what is -2210 + -5?
-2215
In base 4, what is 21203 - 120?
21023
In base 8, what is -5 - -71?
64
In base 14, what is -12 + 2?
-10
In base 14, what is -1d6 - 1?
-1d7
In base 10, what is -4 - 1286?
-1290
In base 5, what is 0 - 1032?
-1032
In base 13, what is 20 + -8?
15
In base 8, what is 25 + 10?
35
In base 2, what is 1010001 - -11?
1010100
In base 16, what is -74 + -4?
-78
In base 7, what is 2301 - 2?
2266
In base 11, what is -121 - 2?
-123
In base 9, what is 4 - 1356?
-1352
In base 16, what is d - -5e?
6b
In base 4, what is -1 + 22311?
22310
In base 4, what is -101 + -31?
-132
In base 13, what is 1 + -4c2?
-4c1
In base 14, what is -29 - -1?
-28
In base 6, what is -512 - 12?
-524
In base 12, what is 12b + 2?
131
In base 8, what is 1304 - -5?
1311
In base 14, what is 72 - -2c?
a0
In base 14, what is -1 - -a1?
a0
In base 9, what is 3 - -5?
8
In base 6, what is -2 - 2540?
-2542
In base 15, what is 2 + -50?
-4d
In base 8, what is 3 - -1501?
1504
In base 8, what is -3474 - -2?
-3472
In base 9, what is -56 + -2?
-58
In base 6, what is -2 + -1032?
-1034
In base 11, what is -60 + 9?
-52
In base 12, what is 4 + -284?
-280
In base 13, what is -382c - 5?
-3834
In base 7, what is -1 - 325?
-326
In base 11, what is 14 + 64?
78
In base 10, what is 6 - -61?
67
In base 7, what is 12 + -546?
-534
In base 12, what is 3 - -19?
20
In base 16, what is 2 + -1489?
-1487
In base 12, what is -8 - 39?
-45
In base 2, what is -111 + -100110110?
-100111101
In base 13, what is 33 + 29?
5c
In base 12, what is 4 + 33?
37
In base 12, what is -7 + -10?
-17
In base 14, what is 1b + 0?
1b
In base 14, what is -61 + -25?
-86
In base 15, what is -3 + 362?
35e
In base 14, what is 158 - -4?
15c
In base 8, what is -627 + 3?
-624
In base 11, what is 5 - -452?
457
In base 6, what is -534 - -10?
-524
In base 15, what is 7 + -6?
1
In base 5, what is 4111 - -32?
4143
In base 3, what is 1102221 + -10?
1102211
In base 7, what is 32 - 30?
2
In base 8, what is 53 + -30?
23
In base 14, what is 2 - c9?
-c7
In base 15, what is 4 + 17b?
180
In base 13, what is -5